s 20 a factor of 2900?
True
Is 2422 a multiple of 19?
False
Is 17 a factor of 2302?
False
Is 16 a factor of 344?
False
Is 1474 a multiple of 37?
False
Does 23 divide 28342?
False
Does 178 divide 11551?
False
Is 14 a factor of 1652?
True
Is 11 a factor of 143?
True
Is 24 a factor of 3072?
True
Is 20 a factor of 27016?
False
Is 19 a factor of 437?
True
Is 11089 a multiple of 13?
True
Is 16 a factor of 18240?
True
Is 10 a factor of 2264?
False
Does 78 divide 4102?
False
Is 11 a factor of 6719?
False
Is 37 a multiple of 11?
False
Does 16 divide 880?
True
Does 3 divide 1743?
True
Does 4 divide 8692?
True
Is 3 a factor of 8051?
False
Is 28 a factor of 560?
True
Does 26 divide 26910?
True
Does 22 divide 742?
False
Is 21 a factor of 7993?
False
Does 2 divide 26?
True
Is 837 a multiple of 27?
True
Is 10 a factor of 2140?
True
Does 7 divide 917?
True
Is 262 a factor of 43754?
True
Does 23 divide 132?
False
Is 46156 a multiple of 11?
True
Is 3116 a multiple of 80?
False
Is 17 a factor of 76?
False
Does 14 divide 5608?
False
Is 21448 a multiple of 14?
True
Is 51 a factor of 701?
False
Is 31926 a multiple of 34?
True
Does 4 divide 248?
True
Is 23 a factor of 789?
False
Does 22 divide 4488?
True
Does 75 divide 63000?
True
Is 6303 a multiple of 17?
False
Does 67 divide 12529?
True
Does 17 divide 1128?
False
Does 29 divide 4505?
False
Does 30 divide 12570?
True
Does 11 divide 3694?
False
Is 1988 a multiple of 28?
True
Is 2 a factor of 2061?
False
Does 10 divide 37650?
True
Is 28032 a multiple of 4?
True
Is 6107 a multiple of 31?
True
Is 1005 a multiple of 67?
True
Is 2 a factor of 603?
False
Does 2 divide 241?
False
Is 33120 a multiple of 90?
True
Does 12 divide 4252?
False
Does 5 divide 1859?
False
Is 11 a factor of 2442?
True
Does 129 divide 53277?
True
Does 21 divide 1798?
False
Is 17 a factor of 99042?
True
Is 8 a factor of 2336?
True
Does 42 divide 3738?
True
Is 48898 a multiple of 18?
False
Does 5 divide 190?
True
Is 12 a factor of 3982?
False
Does 7 divide 33141?
False
Does 6 divide 1722?
True
Does 16 divide 3289?
False
Is 13 a factor of 444?
False
Is 1081 a multiple of 23?
True
Is 16 a factor of 50288?
True
Is 40 a factor of 6560?
True
Is 11952 a multiple of 11?
False
Is 5439 a multiple of 3?
True
Is 8 a factor of 39?
False
Is 119 a factor of 4284?
True
Is 28 a factor of 1008?
True
Is 127 a factor of 4160?
False
Is 5134 a multiple of 25?
False
Is 48 a factor of 240?
True
Is 28 a factor of 6860?
True
Is 88 a factor of 6512?
True
Is 138 a factor of 1518?
True
Does 16 divide 4448?
True
Is 18990 a multiple of 91?
False
Is 852 a multiple of 32?
False
Is 9 a factor of 3836?
False
Is 2091 a multiple of 51?
True
Does 105 divide 3635?
False
Does 6 divide 26329?
False
Is 1257 a multiple of 5?
False
Does 58 divide 2018?
False
Is 25 a factor of 2176?
False
Is 107 a factor of 125780?
False
Is 42279 a multiple of 17?
True
Does 24 divide 8835?
False
Is 608 a multiple of 19?
True
Is 1001 a multiple of 91?
True
Is 18 a factor of 25344?
True
Is 8788 a multiple of 51?
False
Is 274 a multiple of 2?
True
Does 9 divide 6714?
True
Does 72 divide 59495?
False
Is 19 a factor of 76?
True
Is 1049 a multiple of 11?
False
Is 24282 a multiple of 168?
False
Is 4 a factor of 32?
True
Is 76 a multiple of 19?
True
Is 212 a multiple of 12?
False
Is 1000 a multiple of 20?
True
Is 11 a factor of 5353?
False
Does 7 divide 904?
False
Is 680 a multiple of 17?
True
Is 15 a factor of 285?
True
Is 132 a factor of 2244?
True
Does 3 divide 298?
False
Does 69 divide 17487?
False
Is 2325 a multiple of 5?
True
Is 31680 a multiple of 352?
True
Is 74 a factor of 22477?
False
Is 1776 a multiple of 48?
True
Is 2587 a multiple of 13?
True
Does 8 divide 12446?
False
Does 55 divide 2322?
False
Is 6840 a multiple of 12?
True
Does 11 divide 484?
True
Is 22455 a multiple of 16?
False
Is 6340 a multiple of 20?
True
Is 290 a multiple of 10?
True
Does 69 divide 16523?
False
Does 131 divide 14410?
True
Does 54 divide 35915?
False
Does 22 divide 29106?
True
Is 795 a multiple of 35?
False
Is 12 a factor of 48?
True
Does 25 divide 850?
True
Does 19 divide 25650?
True
Is 8 a factor of 68665?
False
Is 78 a multiple of 9?
False
Does 4 divide 321?
False
Is 10 a factor of 1090?
True
Is 1608 a multiple of 67?
True
Is 477 even?
False
Does 7 divide 3801?
True
Does 14 divide 2311?
False
Is 9 a factor of 155?
False
Is 39 a factor of 1527?
False
Does 11 divide 67?
False
Is 31024 a multiple of 24?
False
Does 6 divide 546?
True
Is 52380 a multiple of 270?
True
Is 329 a multiple of 9?
False
Is 39 a factor of 156?
True
Is 1036 a multiple of 7?
True
Is 57 even?
False
Is 2162 a multiple of 12?
False
Is 4370 a multiple of 46?
True
Does 64 divide 576?
True
Is 13 a factor of 355?
False
Is 146 a factor of 67598?
True
Does 8 divide 9235?
False
Is 8988 a multiple of 14?
True
Is 53 a factor of 1007?
True
Is 14 a factor of 56?
True
Is 42 a factor of 2058?
True
Does 52 divide 5571?
False
Is 15 a factor of 270?
True
Is 63699 a multiple of 17?
True
Does 8 divide 332?
False
Does 46 divide 598?
True
Is 12 a factor of 192?
True
Is 4928 a multiple of 88?
True
Does 22 divide 1369?
False
Is 85 a factor of 1870?
True
Does 68 divide 2652?
True
Is 17 a factor of 14810?
False
Is 79 a factor of 31446?
False
Does 15 divide 8415?
True
Is 208 a factor of 11440?
True
Is 5236 a multiple of 23?
False
Is 13569 a multiple of 22?
False
Is 18 a factor of 2271?
False
Does 82 divide 15006?
True
Is 11088 a multiple of 33?
True
Is 15 a factor of 829?
False
Is 831 even?
False
Is 4898 a multiple of 9?
False
Does 43 divide 14835?
True
Is 41 a factor of 144894?
True
Does 77 divide 23331?
True
Is 8159 a multiple of 8?
False
Does 194 divide 42472?
False
Is 28 a factor of 7823?
False
Does 9 divide 1476?
True
Is 40 a factor of 12720?
True
Is 928 a multiple of 32?
True
Does 85 divide 85?
True
Does 33 divide 759?
True
Does 29 divide 551?
True
Does 65 divide 130?
True
Is 39437 a multiple of 6?
False
Is 14 a factor of 34597?
False
Is 3 a factor of 1620?
True
Is 401 a multiple of 15?
False
Is 1155 a multiple of 77?
True
Does 7 divide 3601?
False
Is 2231 a multiple of 19?
False
Is 10 a factor of 30200?
True
Is 7 a factor of 833?
True
Does 14 divide 1857?
False
Is 1520 a multiple of 40?
True
Is 17 a factor of 453?
False
Does 79 divide 150?
False
Is 24 a factor of 552?
True
Does 151 divide 7550?
True
Is 23766 a multiple of 6?
True
Is 17 a factor of 1638?
False
Does 10 divide 618?
False
Is 4 a factor of 317?
False
Is 86 a factor of 6622?
True
Does 76 divide 2089?
False
Is 2880 a multiple of 9?
True
Is 496 a multiple of 27?
False
Does 11 divide 4240?
False
Is 344 a multiple of 9?
False
Is 52621 a multiple of 101?
True
Does 2 divide 9201?
False
Is 29 a factor of 266?
False
Does 47 divide 6486?
True
Is 3849 even?
False
Is 2426 a multiple of 6?
False
Does 117 divide 1053?
True
Is 136 a multiple of 29?
False
Is 47 a factor of 3243?
True
Is 17 a factor of 565?
False
Does 48 divide 1920?
True
Is 25163 a multiple of 56?
False
Is 201 a factor of 2211?
True
Is 19170 a multiple of 15?
True
Is 490 a multiple of 14?
True
Is 108 a multiple of 24?
False
Is 45 a factor of 1430?
False
Does 70 divide 41020?
True
Does 8 divide 1320?
True
Is 10739 a multiple of 130?
False
Is 27 a factor of 540?
True
Does 58 divide 1334?
True
Does 128 divide 6065?
False
Is 432 a multiple of 66?
False
Is 7469 a multiple of 200?
False
Is 156 a multiple of 3?
True
Is 5 a factor of 8030?
True
Is 413 a multiple of 21?
False
Is 75 a factor of 900?
True
Is 58504 a multiple of 284?
True
Does 36 divide 11484?
True
Is 25 a factor of 49425?
True
Is 537 a multiple of 179?
True
Does 46 divide 2208?
True
Does 13 divide 2844?
False
Is 1012 a multiple of 22?
True
Does 20 divide 404?
False
Does 71 divide 1207?
True
Is 5 a factor of 610?
True
Is 44 a factor of 17020?
False
Does 4 divide 896?
True
Does 41 divide 1188?
False
Is 6 a factor of 208?
False
Is 21 a factor of 693?
True
Is 54 a multiple of 3?
True
Is 26961 a multiple of 129?
True
Is 1368 a multiple of 76?
True
Does 53 divide 14659?
False
Is 29 a factor of 165?
False
Is 14 a factor of 616?
True
Does 29 divide 116?
True
Is 3296 a multiple of 13?
False
Is 28 a factor of 1092?
True
Does 16 divide 20621?
False
Is 50 a factor of 10000?
True
Is 1005 a multiple of 67?
True
Is 508 a m